 2*o + 2 = 2*c, -x*c + 19 = -o. Suppose c*f - 583 = 12. Is f prime?
False
Suppose m + 2402 = 5*v, 3*v - 876 - 558 = 3*m. Suppose 0 = 3*w - 10 - 2, -w = 3*p - v. Is p a composite number?
True
Let f = -27 - -30. Suppose -955 = -4*s - f*w, -4*s + 390 = 4*w - 566. Suppose 3*x - s = -5*q + 39, -2*q - x + 110 = 0. Is q a composite number?
False
Suppose -5*n + 5 - 4 = -k, 0 = 3*n - k - 1. Suppose 4*i - 2*i + 694 = n. Let l = -214 - i. Is l composite?
True
Suppose -5*z = -5342 + 907. Is z a composite number?
False
Let y(p) = -9*p**3 - 2*p**2 - 7*p + 9. Let r be y(4). Let j = r - -1198. Is j a prime number?
True
Suppose -5*n + 7*n + 10 = 0. Is (-12380)/(-6) + -5*n/(-75) prime?
True
Let z(v) = -v**3 - 6*v**2 - 2*v - 2. Let r be z(-6). Let u = -7 + r. Suppose 4*c - 95 = u*c. Is c a composite number?
True
Suppose 4623 = -10*y + 683. Let l = y - -1437. Is l a prime number?
False
Suppose -4*g + 5*t - 54 = 0, 0*t - t + 24 = -2*g. Let b(l) = -l + 14. Let x be b(g). Suppose 0 = 4*j - 3*i - 1013, -2*i - 3*i = -x. Is j composite?
False
Let x(t) = 6*t - 37. Let s be x(7). Suppose -4*q = -3*r - s*q + 2702, r - 3*q - 884 = 0. Is r a prime number?
False
Let l be (-6)/(-9) + 192/9. Let d = -27 + l. Is 1 - d*(3 - -1) composite?
True
Suppose 5*o - 17 = -2*h + 6*o, 5*h = -3*o + 59. Suppose -5*t = -r - h*t, 88 = -4*r + 2*t. Let a = r - -375. Is a prime?
False
Let l(i) = 48347*i**2 + 5*i - 3. Is l(1) a composite number?
True
Suppose u + 0*u = 385. Suppose -49*g + 44*g + u = 0. Is g a prime number?
False
Suppose -2859 = -6*g + 2145. Suppose g = k - 635. Let a = k + -976. Is a prime?
False
Suppose 0 = 3*y - 9, -5*h + y + 3824 = 4*y. Suppose -583 = 2*c + 4*v + h, -v - 2699 = 4*c. Let k = c - -1030. Is k prime?
False
Let j be 476/21 - 8/(-6). Let r = -22 + j. Suppose 3*i + r*n - 589 = 300, 4*n + 273 = i. Is i prime?
True
Is ((-382)/8)/(((-10)/(-1048))/(-5)) composite?
True
Let y(a) be the first derivative of 214*a**2 + a - 27. Is y(12) prime?
False
Suppose -2*g = 4*i + 2*g + 8, -2*i = 5*g + 16. Suppose 380 = i*y - 986. Is y a prime number?
True
Let d = 7406 + -5277. Is d a composite number?
False
Let o(j) = 472*j**2 + 4*j + 165. Is o(-8) composite?
False
Let b(p) = 12*p**2 + p + 9. Let m be b(-4). Let s = m - 70. Is s composite?
False
Suppose 11*m - 15 = 40. Suppose -m*c + 10163 = 928. Is c composite?
False
Suppose -279 = z - 43. Is 0 + 1/((-4)/z) a prime number?
True
Let d(o) = 2704*o**2 + 5*o - 21. Is d(-4) a composite number?
False
Suppose -83*c = -79*c - 43612. Is c a composite number?
False
Let r = -495128 + 783523. Is r prime?
False
Suppose 6*c = 17*c - 97009. Is c a composite number?
False
Suppose 3*w - 120 = 5*x, 2*x + 2*w = -0*x - 48. Let p(n) = -n**3 - 19*n**2 + 46*n + 1. Is p(x) prime?
True
Suppose 31*d - 10385 - 28520 = 0. Is d a composite number?
True
Suppose -8*l = -5*l - 3*b - 2241, 5*l - 2*b - 3729 = 0. Is l a composite number?
True
Is (16631/3)/((-65)/(-975)) a composite number?
True
Suppose -63*j = -1476428 - 1655995. Is j composite?
True
Let f(w) = 36*w - 67. Let l(s) = 37*s - 67. Let u(y) = -4*f(y) + 5*l(y). Is u(21) prime?
False
Suppose -22 = -4*j + 3*s, s - 6 + 0 = -2*j. Is (-3)/j*-4 - -55 a composite number?
True
Suppose -4*p - 24722 + 74214 = 0. Is p composite?
False
Suppose -106*y + 111*y - 11545 = 0. Is y a composite number?
False
Suppose -54 = -0*f - 3*f. Let g be (1 + -5)*f/36. Is (-1268)/g*(-10)/(-20) a prime number?
True
Let f be (6 - -6)*(-3)/6. Is ((8/(-6))/2)/(f/783) a composite number?
True
Let y be (-2 - -2)/(3/(-3)). Suppose y = 4*m + m - 1135. Suppose -m = 3*o - 800. Is o a prime number?
True
Let d be (-6)/(-10) - (-7)/5. Suppose x - d*j + 7 = -2*x, x - 4*j = -19. Is (x/3)/(3/639) a composite number?
False
Let z(q) = -33*q**3 - q**2 + 13*q + 14. Is z(-5) prime?
True
Let j(u) = -u**2 + 4*u + 7. Let l be j(5). Suppose 4 = 2*z - l. Suppose -d + 3*d = 3*t - 353, z*t - 337 = -2*d. Is t composite?
True
Let z(l) = 23*l**2 + 10*l - 55. Is z(4) composite?
False
Suppose -2*u = -2*b + 50440, 2*b = 9*u - 12*u + 50435. Is b composite?
False
Let q be -2*-1347*2/3. Suppose 0*l + l - q = y, 5*y = -4*l + 7157. Is l a prime number?
False
Let l(d) = d**2 + 14*d + 3. Let w be l(-14). Suppose 0 = 4*z - w*n - 62 - 1370, -4*n - 726 = -2*z. Is z a prime number?
False
Let y = -24 - -13. Let m = y + 329. Suppose 0 = -0*t - t + 3*d + 330, t + d = m. Is t a prime number?
False
Is 15/150 - (-104989)/10 a composite number?
False
Let n = 7 + -11. Let y(r) = -r**3 - 4*r**2 - 17*r + 3. Let v(x) = x**3 + 2*x**2 + 8*x - 1. Let g(d) = -9*v(d) - 4*y(d). Is g(n) prime?
False
Let x(n) be the second derivative of 3*n**5/20 + n**4/24 + n**3/3 - 3*n. Let h(p) be the second derivative of x(p). Is h(5) composite?
True
Let c = -3 + 0. Let t(w) be the first derivative of -5*w**2 + 7*w + 1. Is t(c) a composite number?
False
Let l = 5122 + -2764. Is 5/(60/l)*4/6 a prime number?
True
Suppose 8*d - 87068 + 12724 = 0. Is d composite?
False
Let r = -32 + 35. Suppose 0 = -4*b + m + 2*m + 1149, r*m = -b + 306. Is (b/2)/((-25)/(-50)) prime?
False
Let k(m) = m**3 - m**2 + 2*m - 5. Let d be k(2). Let c(r) = -3*r**2 - 5*r - 3. Let a be c(-4). Is (-15 + d)/(-4) - a prime?
False
Let i(a) = a**3 + a**2 - a + 119. Let w be (-2 + 3)*19/(-1). Let l = w - -19. Is i(l) a prime number?
False
Let f be 4/(-6) - (-80)/(-24). Let q(d) = d**2 + 4*d - 2. Let j be q(f). Let b(y) = -7*y**3 - y**2 - 2*y - 3. Is b(j) prime?
True
Let f = 4276 - 1850. Is f a prime number?
False
Suppose 261 = -9*r - 333. Let z = 1 + r. Let w = -32 - z. Is w prime?
False
Let h(x) = 241*x**2 + 2*x + 23. Is h(10) composite?
True
Is 1/(-11) + 4840800/88 a prime number?
True
Suppose 3*b = 4*b - 2077. Is b a composite number?
True
Suppose 41873 = 13*g - 52286. Is g a prime number?
True
Let g = 103052 - 61473. Is g a prime number?
True
Let s(n) = n - 3. Let a be s(6). Suppose 0 = a*q + v + 16, 2*q = -2*q + 4*v. Is (2/q)/(11/(-1122)) composite?
True
Let o(g) be the first derivative of 53*g**4/8 - 13*g**3/6 + 7*g**2/2 + 8. Let m(l) be the second derivative of o(l). Is m(4) prime?
False
Suppose -15000 = -46*w + 41*w. Let c = w - 1361. Is c prime?
False
Let c be (0/(-2))/(1 + -3). Let m be 1 + c - (-34)/(-17). Is ((-1478)/6)/(m/3) a prime number?
True
Suppose 16 = 2*q + 3*m + 6, -14 = 2*q - 3*m. Is (87/(-2))/(q/2) prime?
False
Suppose -888645 = -84*s - 109377. Is s prime?
True
Let z be 45/(-36)*(1 - 5). Suppose -24 = -3*i - 3*k, -4*i + 31 = -2*i + z*k. Suppose -6*n + 2*n - c = -235, 0 = -i*n - 3*c + 174. Is n prime?
True
Suppose -93 = 5*c - 913. Suppose -53 = 3*b - c. Is b a composite number?
False
Let z = 4259 + 704. Is z a prime number?
False
Let x(z) = 454*z**2 + 16*z + 45. Is x(-3) composite?
True
Is 18/(-45) - (-349782)/30 composite?
True
Let q be ((-12)/(-9))/((-2)/(-3)). Let h be (3 - q)/((-4)/(-892)). Let w = -96 + h. Is w prime?
True
Is -4*(0 - -7103)*3/(-12) a composite number?
False
Suppose 0 = m - 7*m + 8742. Is m a prime number?
False
Let o = 2964 - 2113. Is o a composite number?
True
Suppose 1567 - 4527 = 2*v. Let t be v/(-6) - 8/12. Let g = t + -55. Is g prime?
True
Let s(n) = 5*n**2 + 2*n - 7. Let g be s(7). Let v = -206 + 327. Let a = g - v. Is a composite?
False
Let a(d) be the third derivative of d**5/60 + 17*d**4/24 - 11*d**3/6 + 28*d**2. Is a(-30) prime?
True
Let i = 2828 - -3719. Is i a prime number?
True
Let n(l) = -2*l - 16. Let f be n(-8). Suppose 4*x - 640 + 4 = f. Let p = x - 76. Is p a composite number?
False
Suppose -5*a - k - 3*k = -25, 0 = 3*a + 3*k - 15. Is (-2)/(-7) + (-10866)/(-210)*a a prime number?
False
Suppose -3*s - 12 = 0, -4*j + 29 = -j - 5*s. Suppose -4*t + 205 - 197 = 0. Suppose 3*k - t*q - 64 = -k, 2*k - j*q - 40 = 0. Is k prime?
False
Let f be 2 - -7 - (-3 - 1). Let o(s) = 34*s + 21. Is o(f) a prime number?
True
Let r be ((-6)/3 - -5) + -45711. Is (-4)/(-6)*r/8*-1 composite?
True
Is -6911*3/15*-5 prime?
True
Let t(q) = 21*q**2 + 52*q + 11. Is t(-18) a composite number?
False
Suppose 0 = 7*j + 201 - 3561. Suppose -5*k - 2*h + 617 = 30, 4*k - j = h. Is k composite?
True
Suppose 137476 = 5*f - 6469. Is f prime?
True
Let n(k) be the second derivative of -4*k**2 - 11*k - 2*k**3 + 7/12*k**4 + 0. Is n(-7) prime?
True
Suppose 0 = -4*n - 5*r + 34574, -3*r + 8 = r. Is n a composite number?
False
Let i = 11